test common divisor of 136803 and 372?
93
Calculate the greatest common factor of 555591 and 492.
123
Calculate the greatest common factor of 2 and 12022.
2
What is the highest common factor of 1240 and 2830?
10
What is the greatest common factor of 44808 and 24?
24
Calculate the greatest common factor of 18 and 831240.
18
Calculate the greatest common factor of 9129 and 311639.
179
Calculate the highest common divisor of 168 and 6608.
56
Calculate the highest common divisor of 84 and 1533.
21
Calculate the highest common divisor of 146 and 52487.
73
What is the highest common divisor of 1902 and 219?
3
Calculate the greatest common divisor of 21618 and 360.
18
What is the greatest common factor of 996824 and 2?
2
Calculate the highest common factor of 33582 and 2349.
87
What is the greatest common factor of 16 and 305600?
16
What is the highest common divisor of 165 and 493680?
165
Calculate the highest common factor of 37356 and 110.
22
Calculate the highest common divisor of 74928 and 7056.
336
What is the highest common divisor of 2029276 and 76?
76
What is the highest common divisor of 59640 and 336?
168
What is the highest common factor of 3108743 and 22?
11
Calculate the highest common factor of 1324164 and 408.
204
Calculate the greatest common factor of 50142 and 52887.
183
What is the greatest common divisor of 28 and 18970?
14
What is the greatest common factor of 238396 and 107?
107
What is the greatest common divisor of 1088 and 4012?
68
What is the greatest common divisor of 13 and 492063?
13
What is the highest common divisor of 446391 and 24048?
1503
Calculate the highest common divisor of 2152 and 274111.
269
What is the greatest common factor of 696 and 752?
8
Calculate the highest common factor of 1919095 and 190.
95
What is the highest common divisor of 1904 and 612752?
112
What is the greatest common divisor of 79 and 117?
1
Calculate the greatest common divisor of 18 and 195687.
9
Calculate the highest common factor of 4012 and 799.
17
Calculate the greatest common divisor of 432 and 63864.
72
What is the highest common factor of 453 and 1808376?
453
What is the highest common divisor of 416 and 2498964?
52
Calculate the highest common factor of 51 and 219963.
51
What is the highest common divisor of 83763 and 1845?
369
What is the greatest common divisor of 77225 and 25?
25
Calculate the greatest common divisor of 134558 and 494.
38
Calculate the highest common divisor of 296 and 4181.
37
Calculate the highest common divisor of 1225 and 825.
25
What is the highest common divisor of 3626 and 2516?
74
What is the greatest common divisor of 29545 and 760?
95
Calculate the highest common factor of 55854 and 10440.
522
Calculate the greatest common factor of 307680 and 17760.
480
Calculate the highest common divisor of 223226 and 717.
239
Calculate the highest common divisor of 432 and 4644.
108
What is the highest common factor of 741217 and 13039?
1003
What is the greatest common divisor of 5385 and 60?
15
What is the greatest common divisor of 269628 and 12?
12
Calculate the greatest common factor of 50 and 512810.
10
What is the greatest common factor of 40 and 1825060?
20
Calculate the highest common factor of 8769 and 2109.
111
Calculate the greatest common factor of 2560 and 75.
5
Calculate the highest common factor of 7991 and 244.
61
What is the greatest common factor of 17352 and 81?
9
Calculate the highest common factor of 76139 and 149.
149
Calculate the highest common factor of 967954 and 118.
118
Calculate the greatest common factor of 261 and 30769.
29
What is the highest common factor of 152799 and 795?
159
What is the greatest common factor of 244304 and 304?
16
What is the greatest common divisor of 1670 and 20?
10
Calculate the greatest common divisor of 126 and 113814.
18
Calculate the highest common divisor of 19 and 2017572.
19
Calculate the highest common factor of 370 and 8360335.
185
What is the greatest common divisor of 18085 and 30?
5
What is the greatest common factor of 2832 and 7984?
16
Calculate the greatest common factor of 674 and 756902.
674
What is the highest common divisor of 97 and 33?
1
What is the highest common divisor of 40 and 76?
4
Calculate the greatest common divisor of 1562544 and 18.
18
What is the highest common divisor of 4623 and 253?
23
Calculate the highest common factor of 47 and 141658.
47
What is the greatest common divisor of 10455 and 10965?
255
Calculate the greatest common factor of 21 and 242676.
21
Calculate the highest common divisor of 8 and 445.
1
Calculate the greatest common divisor of 50762 and 493.
17
What is the highest common factor of 786 and 728229?
393
Calculate the greatest common divisor of 329 and 252907.
47
Calculate the highest common divisor of 59444 and 21.
7
Calculate the greatest common divisor of 1079970 and 75.
15
What is the greatest common divisor of 11319 and 11363?
11
Calculate the greatest common factor of 154 and 198.
22
What is the greatest common factor of 6936 and 11424?
408
Calculate the highest common factor of 111906 and 45.
9
Calculate the highest common factor of 368 and 991024.
368
Calculate the greatest common divisor of 7721 and 28.
7
What is the highest common factor of 21528 and 1638?
234
Calculate the greatest common factor of 93 and 30318.
93
Calculate the highest common divisor of 5936 and 192178.
742
What is the highest common divisor of 12155 and 2686?
17
Calculate the greatest common factor of 348 and 47792.
116
What is the highest common factor of 4 and 117512?
4
Calculate the highest common divisor of 329080 and 19.
19
Calculate the highest common factor of 394 and 8652634.
394
What is the highest common factor of 137 and 138781?
137
Calculate the greatest common divisor of 45997 and 14.
7
What is the highest common divisor of 21 and 687?
3
What is the highest common factor of 48 and 55155?
3
What is the highest common divisor of 523 and 2027671?
523
What is the greatest common divisor of 26880 and 8484?
84
What is the highest common factor of 3505 and 50?
5
What is the greatest common factor of 31950 and 11289?
213
What is the highest common factor of 2150 and 985130?
430
What is the greatest common factor of 285803 and 63?
7
What is the highest common factor of 2813 and 20880?
29
Calculate the greatest common divisor of 11 and 2080650.
11
What is the highest common divisor of 185125 and 250?
125
What is the highest common factor of 393 and 24104?
131
What is the highest common factor of 70945 and 420?
35
What is the greatest common divisor of 24472 and 1368?
152
What is the greatest common divisor of 7436612 and 508?
508
Calculate the greatest common divisor of 8858 and 2.
2
What is the highest common factor of 26537 and 714?
119
Calculate the greatest common factor of 132745 and 278.
139
What is the highest common divisor of 4687 and 215?
43
Calculate the greatest common divisor of 11259 and 850680.
1251
What is the highest common divisor of 3636992 and 256?
256
What is the greatest common divisor of 43350 and 225?
75
Calculate the greatest common divisor of 252 and 64708.
28
Calculate the highest common divisor of 130 and 244260.
10
What is the highest common factor of 10 and 10900990?
10
What is the highest common factor of 5348060 and 20?
20
What is the highest common divisor of 1144 and 45656?
104
Calculate the highest common factor of 708 and 7552.
236
What is the greatest common factor of 1207 and 213?
71
Calculate the greatest common divisor of 1482 and 16207.
19
Calculate the highest common factor of 3456 and 8735040.
1728
What is the highest common factor of 387 and 2658303?
387
Calculate the highest common factor of 1396021 and 2836.
709
What is the highest common divisor of 1608 and 11280?
24
What is the greatest common divisor of 756 and 1351728?
756
Calculate the highest common factor of 10637 and 119908.
967
What is the greatest common factor of 316 and 332?
4
What is the highest common divisor of 11 and 19327?
11
What is the highest common factor of 14972 and 8?
4
What is the greatest common factor of 366 and 171?
3
What is the greatest common divisor of 3591 and 9177?
399
What is the greatest common factor of 2 and 865?
1
Calculate the highest common factor of 27 and 1752057.
27
What is the 